{"id":2645,"date":"2020-07-20T05:23:13","date_gmt":"2021-01-24T18:56:37","guid":{"rendered":"http:\/\/www.lateranensi.org\/sito\/province\/province-ispanoamericana\/canonica-madre-del-salvador\/"},"modified":"2021-02-17T08:42:48","modified_gmt":"2021-02-17T08:42:48","slug":"canonica-madre-del-salvador","status":"publish","type":"page","link":"https:\/\/www.lateranensi.org\/sito\/province\/province-ispanoamericana\/canonica-madre-del-salvador\/","title":{"rendered":"Santo Domingo &#8211; Can\u00f3nica Madre del Salvador"},"content":{"rendered":"<p style=\"text-align: center;\"><span style=\"font-size: 24pt;\"><strong><em><span style=\"font-family: 'book antiqua', palatino, serif;\">Can\u00f3nica Madre del Salvador<\/span><\/em><\/strong><\/span><\/p>\n<p>&nbsp;<\/p>\n<p>Can\u00f3nigos Regulares de Letr\u00e1n,<\/p>\n<p>C\/A N\u00b07, Urbanizaci\u00f2n Nuevo Amanecer,<\/p>\n<p>Santo Domingo Este, Rep\u00fablica Dominicana.<\/p>\n<p>Tel. (001-809) 245 73 83<\/p>\n<p>E-mail: crlsantodomingo@hotmail.com<\/p>\n<p><span style=\"font-family: 'book antiqua', palatino, serif;\"><strong>D. Nicol\u00e1s Cuello Hern\u00e1ndez, priore<\/strong><\/span><\/p>\n<p><span style=\"font-family: 'book antiqua', palatino, serif;\"><strong>D. Rafael Olivo Jim\u00e9nez<\/strong><\/span><\/p>\n<hr \/>\n<p><img loading=\"lazy\" decoding=\"async\" class=\"aligncenter wp-image-2101 size-full\" src=\"http:\/\/www.lateranensi.org\/sito\/wp-content\/uploads\/119599646_3320711084819716_6920137684794872180_o.jpg\" alt=\"\" width=\"1080\" height=\"700\" srcset=\"https:\/\/www.lateranensi.org\/sito\/wp-content\/uploads\/119599646_3320711084819716_6920137684794872180_o.jpg 1080w, https:\/\/www.lateranensi.org\/sito\/wp-content\/uploads\/119599646_3320711084819716_6920137684794872180_o-300x194.jpg 300w, https:\/\/www.lateranensi.org\/sito\/wp-content\/uploads\/119599646_3320711084819716_6920137684794872180_o-1024x664.jpg 1024w, https:\/\/www.lateranensi.org\/sito\/wp-content\/uploads\/119599646_3320711084819716_6920137684794872180_o-768x498.jpg 768w, https:\/\/www.lateranensi.org\/sito\/wp-content\/uploads\/119599646_3320711084819716_6920137684794872180_o-400x259.jpg 400w\" sizes=\"auto, (max-width: 1080px) 100vw, 1080px\" \/><\/p>\n","protected":false},"excerpt":{"rendered":"<p>Can\u00f3nica Madre del Salvador &nbsp; Can\u00f3nigos Regulares de Letr\u00e1n, C\/A N\u00b07, Urbanizaci\u00f2n Nuevo Amanecer, Santo Domingo Este, Rep\u00fablica Dominicana. Tel. (001-809) 245 73 83 E-mail: crlsantodomingo@hotmail.com D. Nicol\u00e1s Cuello Hern\u00e1ndez, priore D. Rafael Olivo Jim\u00e9nez<\/p>\n","protected":false},"author":4,"featured_media":0,"parent":162,"menu_order":7,"comment_status":"closed","ping_status":"closed","template":"","meta":{"footnotes":""},"class_list":["post-2645","page","type-page","status-publish","hentry"],"_links":{"self":[{"href":"https:\/\/www.lateranensi.org\/sito\/wp-json\/wp\/v2\/pages\/2645","targetHints":{"allow":["GET"]}}],"collection":[{"href":"https:\/\/www.lateranensi.org\/sito\/wp-json\/wp\/v2\/pages"}],"about":[{"href":"https:\/\/www.lateranensi.org\/sito\/wp-json\/wp\/v2\/types\/page"}],"author":[{"embeddable":true,"href":"https:\/\/www.lateranensi.org\/sito\/wp-json\/wp\/v2\/users\/4"}],"replies":[{"embeddable":true,"href":"https:\/\/www.lateranensi.org\/sito\/wp-json\/wp\/v2\/comments?post=2645"}],"version-history":[{"count":5,"href":"https:\/\/www.lateranensi.org\/sito\/wp-json\/wp\/v2\/pages\/2645\/revisions"}],"predecessor-version":[{"id":2924,"href":"https:\/\/www.lateranensi.org\/sito\/wp-json\/wp\/v2\/pages\/2645\/revisions\/2924"}],"up":[{"embeddable":true,"href":"https:\/\/www.lateranensi.org\/sito\/wp-json\/wp\/v2\/pages\/162"}],"wp:attachment":[{"href":"https:\/\/www.lateranensi.org\/sito\/wp-json\/wp\/v2\/media?parent=2645"}],"curies":[{"name":"wp","href":"https:\/\/api.w.org\/{rel}","templated":true}]}}

Santo Domingo &#8211; Canónica Madre del Salvador

<p style="text-align: center;"><span style="font-size: 24pt;"><strong><em><span style="font-family: 'book antiqua', palatino, serif;">Canónica Madre del Salvador</span></em></strong></span></p>
<p>&nbsp;</p>
<p>Canónigos Regulares de Letrán,</p>
<p>C/A N°7, Urbanizaciòn Nuevo Amanecer,</p>
<p>Santo Domingo Este, República Dominicana.</p>
<p>Tel. (001-809) 245 73 83</p>
<p>E-mail: crlsantodomingo@hotmail.com</p>
<p><span style="font-family: 'book antiqua', palatino, serif;"><strong>D. Nicolás Cuello Hernández, priore</strong></span></p>
<p><span style="font-family: 'book antiqua', palatino, serif;"><strong>D. Rafael Olivo Jiménez</strong></span></p>
<hr />
<p><img loading="lazy" decoding="async" class="aligncenter wp-image-2101 size-full" src="http://www.lateranensi.org/sito/wp-content/uploads/119599646_3320711084819716_6920137684794872180_o.jpg" alt="" width="1080" height="700" srcset="https://www.lateranensi.org/sito/wp-content/uploads/119599646_3320711084819716_6920137684794872180_o.jpg 1080w, https://www.lateranensi.org/sito/wp-content/uploads/119599646_3320711084819716_6920137684794872180_o-300x194.jpg 300w, https://www.lateranensi.org/sito/wp-content/uploads/119599646_3320711084819716_6920137684794872180_o-1024x664.jpg 1024w, https://www.lateranensi.org/sito/wp-content/uploads/119599646_3320711084819716_6920137684794872180_o-768x498.jpg 768w, https://www.lateranensi.org/sito/wp-content/uploads/119599646_3320711084819716_6920137684794872180_o-400x259.jpg 400w" sizes="auto, (max-width: 1080px) 100vw, 1080px" /></p>

<p>Canónica Madre del Salvador &nbsp; Canónigos Regulares de Letrán, C/A N°7, Urbanizaciòn Nuevo Amanecer, Santo Domingo Este, República Dominicana. Tel. (001-809) 245 73 83 E-mail: crlsantodomingo@hotmail.com D. Nicolás Cuello Hernández, priore D. Rafael Olivo Jiménez</p>
